+ -12 - (-2)/(-2)*-743?
1
Let h = -156 - -1124. What is the hundreds digit of h?
9
What is the tens digit of 4652/((-2)/(-11) + (-40)/(-22))?
2
Let o(u) be the first derivative of u**3/3 + 3*u**2/2 + 18. What is the units digit of o(6)?
4
Let o be 0/((-4)/(20/(-15))). Suppose 3*p + 6*l - 4*l - 134 = o, -4*l - 20 = 0. What is the tens digit of p?
4
Let t = -175 + 548. What is the units digit of t?
3
Let t(n) = 4*n - 11. Let x be 1 - (-44)/4*1. What is the tens digit of t(x)?
3
Let f(d) = 10*d**2 + 6*d. Let k(z) = z + 7. Let h be k(-10). What is the units digit of f(h)?
2
Let h(r) be the second derivative of 0 + 2*r**2 - 6*r + 5/12*r**4 + 1/3*r**3 - 1/20*r**5. What is the tens digit of h(4)?
2
Let x(m) = -4*m - 49. Let u(s) = -3*s - 50. Let y(k) = -7*u(k) + 6*x(k). What is the units digit of y(9)?
9
Let l be (-1 + ((-8)/12 - -2))*0. Suppose 8*v + l*v - 776 = 0. What is the tens digit of v?
9
Suppose 2*l - 3*j - 269 + 60 = 0, -3*l - j = -286. Suppose -l = 7*t - 1119. What is the units digit of t?
6
Let d = 31 + -13. Suppose 12 + d = -3*f. What is the units digit of (-1 + f/6)*-12?
2
Let s(r) = -3*r - 19. Let v be s(-8). Suppose -31 = -v*f - 1. What is the units digit of f?
6
What is the thousands digit of (-12)/(-16) + 305/8*42?
1
Let v(g) = 5*g**3 - 80*g**2 + 7*g - 42. What is the thousands digit of v(17)?
1
Let d be (-12)/8*(-4 - -2). What is the units digit of d*23 - 57/(-19)?
2
Suppose p - 2*x = 828, 83*x - 88*x = 2*p - 1638. What is the hundreds digit of p?
8
Suppose -3*r - 4*x + 2604 = 0, -22*x + 23*x = 5*r - 4363. What is the units digit of r?
2
Suppose -11*j + 4306 = -5891. What is the units digit of j?
7
Let i be ((-8)/(-10))/(4/70). Suppose 30 + i = 4*r. Let o = r - -2. What is the units digit of o?
3
Let w(o) = -4 - o**3 + 2*o - 5*o**2 - 2 + 0 - 1. What is the units digit of w(-6)?
7
Suppose -3*m - 4 + 1 = 0. What is the units digit of -2*1*m/2?
1
Suppose -3*g + 2*d + 11 = 0, -2*d + 0*d - 6 = 2*g. Let h = g - 26. What is the units digit of 4/(-10) + (-135)/h?
5
Suppose 0 = 3*n + 3*i - 4155, 5*n - 1264 - 5679 = 4*i. What is the tens digit of n?
8
Suppose -15 = -5*z - t, -5 + 0 = t. Suppose z*i - 52 = 72. What is the tens digit of i?
3
Let v = -100 + 44. Let b = v + 128. What is the tens digit of b?
7
Let d be -2*(-1)/2*44. Let n be 99/d*(-16)/(-3). Suppose 5*c + 30 = -q + 3*q, -n = 3*c. What is the units digit of q?
5
Suppose 2*z = -2*z. Suppose 3*s = -z*s + 48. Suppose -s = f - 5*f. What is the units digit of f?
4
Let m(a) = -a**2 + 5*a + 19. Let c be m(8). Let r = 7 + c. Suppose -r*j - j = -21. What is the units digit of j?
7
Let t(g) = -g**2 + g - 9. Let m be t(0). Suppose -2*y = -4*y + 56. Let q = m + y. What is the tens digit of q?
1
Suppose 4*j = j + 9. Suppose -o = -j*z + z + 137, -4*o = z - 46. What is the tens digit of z?
6
Let a(u) = -u - 6 + 2*u - 1 + 0*u. Let c be a(7). Suppose -4*r + 56 = -c*r + 2*w, 4*r + 5*w = 44. What is the units digit of r?
6
Let h = 1828 + -658. What is the tens digit of h?
7
Suppose 39*p - 44*p - 2*z + 5425 = 0, 4340 = 4*p - 3*z. What is the units digit of p?
5
Suppose -3*a - 4*f = -920, 0 = a - 4*f - 468 + 188. Suppose -3*b + a = 3*b. Suppose -b = -2*g + 36. What is the tens digit of g?
4
Let o = -29 - -93. Let r = -8 + o. What is the tens digit of r?
5
What is the units digit of 306/(-15)*550/(-20) - -3?
4
What is the units digit of 6 + 5 + 832 + -1 + 0?
2
Suppose -13*p + 885 = -6915. What is the hundreds digit of p?
6
Let i(w) = -w + 1. Let r be i(-1). Suppose r*l + 2*l = 124. What is the tens digit of (-1*l)/(-6 - -5)?
3
Suppose -9*q + 856 = -2708. What is the hundreds digit of q?
3
Let d be (-248)/2*234/(-104). Let n = -121 + d. What is the tens digit of n?
5
Let y(x) = -3*x**3 - 22*x**2 + 19*x - 8. Let f(o) = -o**3 - 7*o**2 + 6*o - 3. Let r = -5 + 12. Let g(s) = r*f(s) - 2*y(s). What is the units digit of g(-6)?
7
Suppose s - 36 = -2*y, 2*y - y - 2*s = 8. Suppose 6*j = y*j - 200. What is the tens digit of j?
2
What is the tens digit of ((-24)/(-15))/(32/41280)?
6
Let q(o) = o**3 - 5*o**2 - 7*o + 5. Let r(i) = 2*i + 2. Let p be r(2). Let t be q(p). What is the units digit of ((-2)/((-6)/(-27)))/t?
9
Let w(f) = f**3 + 9*f**2 - f - 7. Let v be w(-9). Suppose v*z - 10 + 0 = 0. Suppose -115 = -5*j - z*p, 4*j + 0*j - 87 = -5*p. What is the tens digit of j?
2
Suppose 0 = 34*z - 37*z + 825. What is the tens digit of z?
7
Let m be 6*((-34)/(-6) + -4). Suppose 0 = -2*i + q + m, -q + 10 = 2*i - 0. Suppose 3*t = i*y - 141, -2*y - 2*y + 123 = t. What is the tens digit of y?
3
Suppose -3*w - 2 = 4. Let j be (6/w*-1)/1. Suppose 8 = -j*d + 89. What is the units digit of d?
7
Suppose -8*h - 1255 = -4591. What is the units digit of h/6 - (9/6 + -1)?
9
Suppose -u = -2*c + 3*u + 34, -4*c = -2*u - 62. Suppose 11*m + 248 = c*m. What is the tens digit of m?
6
Let w be (6/(-12))/(1/(-4)). Suppose w*m + 5*h = 24, -h + 6*h - 16 = 2*m. What is the units digit of m?
2
Let l be ((-43 - -2)/(-1))/((-2)/(-4)). Suppose -1 = -m + l. What is the units digit of m?
3
Suppose 4*h - 2399 = 3*q, 3*h + 7*q - 1773 = 4*q. What is the units digit of h?
6
Let q(b) be the second derivative of b**4/12 + b**3/2 - 11*b**2/2 - b. Suppose 13*p = -7 + 72. What is the tens digit of q(p)?
2
Suppose -2*o + 9 - 3 = 0. Let r be o/4*(-4 + -8). What is the tens digit of (-7 - 8/(-2))*r?
2
Suppose 2*m - 11 + 0 = -g, m - 3 = 2*g. Suppose -a + 6 + 7 = 2*o, -m*a + 9 = -4*o. Suppose -v - v + 31 = -a*u, 2*u = -5*v + 34. What is the units digit of v?
8
Let d(l) = 55*l - 10. Let z = -100 + 103. What is the units digit of d(z)?
5
Suppose 0 = 68*g + 29*g - 429710. What is the hundreds digit of g?
4
Let f(x) = -x**2 - 19*x - 13. Let m be f(-18). Suppose m*z = 10*z - 40. Suppose -2*l - 42 = -z*l. What is the units digit of l?
7
Suppose 227*o - 223*o = 1652. What is the tens digit of o?
1
Let s(p) = p**3 + 7*p**2 - 18*p + 3. Let d be s(-9). Suppose -4*i = -5*l + 598, l - 120 = 4*i - d*i. What is the tens digit of l?
1
Suppose 2*c + 5115 = 4*o - 6197, -o + 4*c = -2821. What is the thousands digit of o?
2
Let k = 206 - -96. What is the tens digit of k?
0
Suppose -5*l = 5*t + 36 - 1, t = -2*l - 10. Let g be (2 + 8)/(-1) - l. Let h(i) = i + 8. What is the units digit of h(g)?
1
Let u = -27 + 27. Suppose 2*n - 53 - 1 = -z, u = -4*n. What is the units digit of z?
4
Let j = 4650 + -2583. What is the tens digit of j?
6
Let u(k) = -7*k - 2 + 2*k + 4. Let l be u(-6). What is the tens digit of (l/40)/(4/190)?
3
Let t be 1*(-4)/(-20)*5. What is the units digit of (8/(-32))/(t/(-20))?
5
Let r = -85 + 231. Suppose -2*g - r = -3*g. What is the units digit of g?
6
Suppose -5*q = -12 - 18. Suppose q*l - l = 245. What is the tens digit of l?
4
Suppose 3*l = 6 + 3. Suppose -4*b - l*p = -28, 2*b + 8 = 4*p - 0. Suppose -6*j = 3*g - j - 108, 3*g + b*j - 111 = 0. What is the tens digit of g?
4
Let j = -70 - -74. Suppose l + j = 0, -l = 4*d + l - 20. What is the units digit of d?
7
Let d(z) = z**2 + 10*z + 20. Let t be d(-10). Suppose -22*b = -t*b + 494. Let x = -175 - b. What is the units digit of x?
2
Suppose 34*i = 79553 - 14783. What is the hundreds digit of i?
9
Suppose 10 = 9*f - 14*f. Let d be ((-4)/(-5))/(f/(-30)). Suppose d + 7 = m. What is the tens digit of m?
1
Let b = -2 + 4. Suppose 0 = -b*r + r + 29. What is the units digit of r?
9
Suppose 7*i = -0*i + 483. Suppose -g + 44 + 11 = 3*f, -4*f + 3*g = -i. Suppose 2*z - f - 92 = 0. What is the tens digit of z?
5
Let p = 2222 + -1357. What is the hundreds digit of p?
8
Let s(m) = 10*m**2 - 5*m + 19. What is the units digit of s(5)?
4
Suppose -5*j + 3*i = i + 579, 5*i + 565 = -5*j. Let g = -69 - j. What is the units digit of g?
6
Let n(y) = y**3 - 23*y**2 + 2*y + 30. Suppose 0 = -5*h + 4*h + 23. What is the units digit of n(h)?
6
Let a(g) = -95*g - 206. What is the hundreds digit of a(-22)?
8
Suppose 0 = 6*f - 10*f + 20. Suppose f*d = -4*h + 314, -145 = -3*d - h + 49. What is the tens digit of d?
6
Let i(l) = 3*l**3 - 15*l**2 + 8*l - 13. What is the units digit of i(9)?
1
Suppose -28 - 12 = 5*x. Let d = -6 - x. Suppose 0 = d*q + q - 9. What is the units digit of q?
3
Let o = -17 - -22. Suppose 5*b - i = 361, i = o*b - 2*i - 363. Suppose 0*k = 4*k - b. What is the units digit of k?
8
Suppose -6*k = -439 - 1637. What is the hun